 - i. Is h prime?
False
Let u(r) = 23586*r + 4561. Is u(11) composite?
False
Let w(i) = 15*i**2 - 8*i + 124. Let p(u) = 7*u**2 - 4*u + 62. Let r(b) = 13*p(b) - 6*w(b). Is r(21) a composite number?
False
Suppose 31 = 8*l - 33. Suppose 0 = -l*f + 110905 + 82063. Is f a composite number?
False
Suppose 2*a + 0*z + 19 = -z, 2*z = -5*a - 46. Is 174930/18 + a/(-12) composite?
False
Let n(t) = 220*t**2 + t - 4. Let g be n(-3). Let z = -525 + g. Suppose -4*p - 5*m = -5944, z = -3*p + 5*m + 5871. Is p prime?
True
Let b be 0/(((-4)/7)/(12/42)). Is (-3 + b)*(2 + 3 - 1366) prime?
False
Let v be 30*(-6)/(-4)*(-32 - -14). Let y = v - -1697. Is y composite?
False
Let b(h) = -12*h**2 - 24*h - 43. Let o(a) = -24*a**2 - 48*a - 87. Let l(w) = 11*b(w) - 6*o(w). Is l(-20) prime?
False
Let k(r) = 14*r**2 + 16*r + 89. Suppose -3*m + 4*q = -2*m + 18, 2*q - 36 = 5*m. Is k(m) composite?
True
Let h be (-1)/(-2) - (6/12 + -1). Is ((-15)/(-6) + -3)/(h/(-6218)) prime?
True
Let y be -3 + 2 + (-2 - 0). Let v be (-14)/((0/y)/(-1) - 2). Suppose v*h - 685 = 6*h. Is h composite?
True
Suppose 7*q = -23*q + 90. Suppose r - 121 = 3*w, 6*r = q*r + 2*w + 391. Is r prime?
False
Is (-2 + 1)/((-2)/(-3))*(-4690588)/42 composite?
False
Let j be (10 - (18 + -10)) + 0 + 3. Let c(v) = 291*v + 88. Is c(j) a prime number?
True
Suppose -3*m - 18 + 6 = 0. Let x be (1/(-3))/(m/(-6))*-122. Suppose -152 = -3*u + x. Is u composite?
False
Let z = 644414 - 360993. Is z composite?
True
Let j(w) = 3273*w - 2. Let z = -122 - -101. Let r = -20 - z. Is j(r) a composite number?
False
Suppose -h = -0*l + 5*l + 10323, -h - l - 10319 = 0. Let o = -3834 - h. Let r = o - 4619. Is r a composite number?
True
Suppose q + 1 = -4*u, -3*u + u = 5*q + 5. Let k be q/(-2)*4*1. Is 0 - (-234)/3 - (k - -2) composite?
True
Let p(u) = 12630*u**3 - 9*u + 10. Let z be p(1). Suppose 0 = 104*i - 103*i - z. Is i prime?
False
Let n(b) = b**3 + 14*b**2 + 10*b - 6. Let t be n(-13). Is ((-152339)/t)/((-3)/9) a prime number?
False
Let j = 5 + 1. Suppose 0 = -j*t + 6720 - 1002. Is t composite?
False
Let p(c) = 132*c**2 + 6*c - 1313. Is p(29) a prime number?
True
Suppose -31*n - 952 = -23*n. Let k = n - -119. Suppose -29*f + 27*f + 1556 = k. Is f a composite number?
True
Let l(u) be the third derivative of 5*u**5/6 - 19*u**4/12 - u**3/6 - 218*u**2. Is l(4) a prime number?
True
Let p = 1018429 - 664182. Is p prime?
True
Let a(u) = 2071*u**3 + 5. Let l(z) = 2070*z**3 + z**2 + 6. Let y(x) = -4*a(x) + 3*l(x). Let s be y(-1). Let f = 3024 - s. Is f a composite number?
True
Let n(s) = -s**2 - 25*s - 67. Let v be n(-25). Let j = v + 228. Is j composite?
True
Suppose -7135*g = -7152*g + 804185. Is g a prime number?
False
Let z = 2105786 - 1391113. Is z a prime number?
True
Let y be (-165 + 7)/((-1)/(16/2)). Suppose -5*h + 2249 = 3*a, 3*a = 5*h + y + 1035. Is a composite?
True
Let x(h) = h**2 - 4*h. Suppose -4*a - 4*u = -0*u, -5 = 2*a + 3*u. Let m be x(a). Suppose -4*y + m*n + 14608 = 0, 5*y + 2*n + 5649 = 23876. Is y composite?
True
Let s(f) = 389*f**2 - 9*f - 4. Let n be s(-2). Suppose 0 = 4*l - 10*v + 12*v - n, -4*l = -2*v - 1558. Is l prime?
False
Let v(t) be the first derivative of 12*t**3 + 4*t**2 - 159*t + 70. Is v(20) a composite number?
False
Suppose 0 = 5*w + 5 + 20, -q + w + 12593 = 0. Suppose 0*p + 3*p + 2*c - 7545 = 0, q = 5*p - c. Is p composite?
True
Suppose 18211 = m + 4*s, 105963 = 5*m + 5*s + 14938. Is m a prime number?
False
Let y(p) be the third derivative of 6029*p**5/60 + 2*p**4/3 + 8*p**3/3 - 36*p**2. Is y(-1) a composite number?
False
Let l = 91 + -86. Suppose l = g + 3. Suppose -g*a + 5301 = 7*a. Is a a prime number?
False
Suppose 24*g = 32*g - 85288. Is g a prime number?
False
Let v(o) = -o**3 - 36*o**2 - 32*o + 108. Let q be v(-35). Is 2853 + (q - (4 + -5)) composite?
False
Is -184 - -165 - 2*-84163 composite?
True
Suppose 130307630 = 161*p - 48973362 + 4284457. Is p a composite number?
True
Let g be (-4)/(-8)*-2 - 263*-86. Suppose -r = -10*r + g. Is r prime?
False
Let v(q) = 3*q - 441. Let j be v(0). Let c = -250 - j. Suppose 17*d = 18*d - c. Is d prime?
True
Suppose -5*u + 3*p + 347704 = 0, -4*u - 39*p + 43*p + 278168 = 0. Is u composite?
False
Let a be (10/4)/((-5)/(-10)). Suppose -2*w + 4*p + 3 - a = 0, 2*p - 6 = 0. Suppose 0 = 4*z + k - 15112, 0 = -w*z + 3*k + 12040 + 6867. Is z a prime number?
True
Let s = 16619 - 10313. Suppose 3*q + 9 = s. Is q prime?
True
Let f = 52 - 54. Let i be (-6)/(f + (2 - (4 - 2))). Suppose 0 = -i*r - 4*h + 3187 - 44, 0 = -5*r - 5*h + 5240. Is r composite?
False
Suppose 5*s - 6 + 31 = 0, 2*y - 54666 = -2*s. Is y a prime number?
False
Let g be 0 + (7 - 10/5). Suppose g*l + 12 = l, 2*y - 2*l - 3424 = 0. Is y composite?
False
Let q = -454986 + 836555. Is q a composite number?
False
Suppose -24781 = -3*g - 102853. Let a = 43797 + g. Is a a composite number?
True
Let s(i) = i**3 - 4*i**2 - 7*i + 12. Let a be s(5). Let k = -18 - -17. Is k/(((-8)/1556)/a) a composite number?
False
Suppose -13*s = -s - 50844. Suppose -2*q + 12*n - 15*n = -8476, -s = -q - 2*n. Is q a composite number?
False
Let b(t) = 5156*t**2 - 74*t + 217. Is b(3) composite?
False
Suppose 6*h - 7*h - 1 = 0, -3*y + 6 = 3*h. Suppose 0 = -5*i + 3*t + 6456, y*i - 5*t + 1001 = 4865. Is i a composite number?
True
Let h(z) = 486*z + 7. Let n = 54 + -54. Suppose n = 3*t - 11 + 2. Is h(t) prime?
False
Let c be -1*80/2 - (-18)/(-9). Let x = c + 45. Is -1*(x + 4*-513) a composite number?
True
Suppose g = -4*g, -7*z + 2*g + 55364 = -3*z. Is z prime?
True
Let a(h) = -9612*h - 1705. Is a(-16) composite?
True
Let d = -90 + 111. Let v = d + -14. Let m(i) = 41*i**2 - 7*i + 13. Is m(v) prime?
True
Suppose 0 = 3*b - 9*b + 12. Suppose -b*m + 6676 = 4*n, m - 2*n - n = 3343. Let z = -731 + m. Is z a prime number?
True
Is 3701546/306 + (-16)/(-36) prime?
True
Suppose -3*z = -5*d - 1013466, 34*d - 35*d + 1351265 = 4*z. Is z a composite number?
False
Let o = -30 - -57. Is 22 - o - (-3765 + -1) composite?
False
Let d = -45 - -56. Let n(b) = -2*b + 27. Let f be n(d). Suppose 0*p - p = -5*l - 292, l - 1538 = -f*p. Is p prime?
True
Suppose 42*r - 1537476 = -59*r + 5758865. Is r a composite number?
True
Suppose -r = -3*z + 129674, -4*r - 11992 = -5*z + 204143. Is z a composite number?
False
Is ((-5207)/164)/(2/(-3352)) a composite number?
True
Let n be 126 + 22 + -16 + 5/(-1). Suppose n*s - 263652 = 115*s. Is s prime?
False
Suppose -3*v + 828421 = -5*i, -5*i + 6 = 16. Is v composite?
False
Suppose 13*m = 5*l + 11*m - 889905, 4*l - 5*m = 711907. Is l composite?
True
Let p(f) = -f**2 - 10*f - 22. Let c be p(-6). Let j(g) = -11 + 10*g**2 - 5*g**c + 4 + 12*g. Is j(8) prime?
True
Is 171009850/605 + (-6)/(-66) a prime number?
True
Let r(t) = 22*t**3 - 5*t**2 + 10*t - 45. Let g be r(6). Suppose g = 3*u - 1647. Is u prime?
False
Let g(m) = -m**2 - 8*m + 19. Let s be g(-10). Let w(x) = -1515*x + 1. Let t be w(s). Let v = t + -893. Is v prime?
False
Let s(f) = 2*f**3 + 226*f**2 + 225*f + 194. Is s(-109) prime?
True
Let f(k) = 105*k + 1. Let u = -59 + 93. Is f(u) a prime number?
True
Let w(d) = 553*d**3 - 8*d**2 - d - 10. Let a be w(3). Suppose p + a = g, 2*p + 44558 = 3*g + 3*p. Is g prime?
True
Suppose 0 = 2*c + 3*c - 70. Let m be c - -205 - (-1 + 0). Suppose m = 2*g - 784. Is g a composite number?
True
Let p(a) = 5229*a - 544. Is p(10) prime?
False
Suppose -4*i + 15 = -i. Is (3961 - -1) + (i - 9) a composite number?
True
Suppose 0 = -p - 4*v + 8, p + 2*v - v - 5 = 0. Suppose p*y = 2*b - 12991 - 21939, 0 = -2*b + y + 34933. Is b a prime number?
True
Suppose -3 = 3*h, -x - 4*h = -5 + 6. Suppose -2*d - x*q + 1338 = 299, -4*d + 5*q + 2067 = 0. Suppose 972 + d = 5*a. Is a a prime number?
False
Suppose 4*r + 30 = 42. Let u(j) = -4 + r + 7*j - 5 + 2 + j**2 + 5*j**3. Is u(3) prime?
False
Suppose 4*y - 3*r = 328781, -y - 26*r = -24*r - 82209. Is y a prime number?
False
Is -40731*8/168*-7 composite?
False
Let t(v) = 76066*v**2 + v + 6. Is t(1) prime?
False
Let c(z) = -8799*z - 32. Let m be c(-4). Let x = 1435 + m. Is x composite?
False
Let k(y) = -5782*y - 145. Is k(-17) a composite number?
True
Suppose 0 = 24*m - m + 26*m - 3224641. Is m prime?
True
Suppose -6*f + 1 = -5. Let z be (-3 - -2) + (6 - f). Is -4 + (-346)/(-10) - z/(-10) a prime number?
True
Let i(n) = n**2 +